{"id":2,"date":"2024-10-09T09:22:37","date_gmt":"2024-10-09T07:22:37","guid":{"rendered":"http:\/\/aufildubois-menuisier.fr\/?page_id=2"},"modified":"2026-01-13T22:33:45","modified_gmt":"2026-01-13T21:33:45","slug":"page-d-exemple","status":"publish","type":"page","link":"https:\/\/aufildubois-menuisier.fr\/index.php\/page-d-exemple\/","title":{"rendered":"R\u00e9alisations"},"content":{"rendered":"\n<p>Chaque r\u00e9alisation est le r\u00e9sultat d\u2019un travail artisanal associant conception, fabrication et installation sur mesure, avec une attention particuli\u00e8re port\u00e9e aux mat\u00e9riaux, aux finitions et aux besoins du client.<\/p>\n\n\n\n<figure class=\"wp-block-gallery has-nested-images columns-default is-cropped wp-block-gallery-1 is-layout-flex wp-block-gallery-is-layout-flex\">\n<figure data-wp-context=\"{&quot;imageId&quot;:&quot;69d4d05fe8120&quot;}\" data-wp-interactive=\"core\/image\" data-wp-key=\"69d4d05fe8120\" class=\"wp-block-image size-large wp-lightbox-container\"><img loading=\"lazy\" decoding=\"async\" width=\"1024\" height=\"768\" data-wp-class--hide=\"state.isContentHidden\" data-wp-class--show=\"state.isContentVisible\" data-wp-init=\"callbacks.setButtonStyles\" data-wp-on--click=\"actions.showLightbox\" data-wp-on--load=\"callbacks.setButtonStyles\" data-wp-on-window--resize=\"callbacks.setButtonStyles\" data-id=\"59\" src=\"https:\/\/aufildubois-menuisier.fr\/wp-content\/uploads\/2025\/11\/SDB-Bleue-24-05-09-181702-1024x768.jpg\" alt=\"\" class=\"wp-image-59\" srcset=\"https:\/\/aufildubois-menuisier.fr\/wp-content\/uploads\/2025\/11\/SDB-Bleue-24-05-09-181702-1024x768.jpg 1024w, https:\/\/aufildubois-menuisier.fr\/wp-content\/uploads\/2025\/11\/SDB-Bleue-24-05-09-181702-300x225.jpg 300w, https:\/\/aufildubois-menuisier.fr\/wp-content\/uploads\/2025\/11\/SDB-Bleue-24-05-09-181702-768x576.jpg 768w, https:\/\/aufildubois-menuisier.fr\/wp-content\/uploads\/2025\/11\/SDB-Bleue-24-05-09-181702-1536x1152.jpg 1536w, https:\/\/aufildubois-menuisier.fr\/wp-content\/uploads\/2025\/11\/SDB-Bleue-24-05-09-181702-2048x1536.jpg 2048w\" sizes=\"auto, (max-width: 1024px) 100vw, 1024px\" \/><button\n\t\t\tclass=\"lightbox-trigger\"\n\t\t\ttype=\"button\"\n\t\t\taria-haspopup=\"dialog\"\n\t\t\taria-label=\"Agrandir\"\n\t\t\tdata-wp-init=\"callbacks.initTriggerButton\"\n\t\t\tdata-wp-on--click=\"actions.showLightbox\"\n\t\t\tdata-wp-style--right=\"state.imageButtonRight\"\n\t\t\tdata-wp-style--top=\"state.imageButtonTop\"\n\t\t>\n\t\t\t<svg xmlns=\"http:\/\/www.w3.org\/2000\/svg\" width=\"12\" height=\"12\" fill=\"none\" viewBox=\"0 0 12 12\">\n\t\t\t\t<path fill=\"#fff\" d=\"M2 0a2 2 0 0 0-2 2v2h1.5V2a.5.5 0 0 1 .5-.5h2V0H2Zm2 10.5H2a.5.5 0 0 1-.5-.5V8H0v2a2 2 0 0 0 2 2h2v-1.5ZM8 12v-1.5h2a.5.5 0 0 0 .5-.5V8H12v2a2 2 0 0 1-2 2H8Zm2-12a2 2 0 0 1 2 2v2h-1.5V2a.5.5 0 0 0-.5-.5H8V0h2Z\" \/>\n\t\t\t<\/svg>\n\t\t<\/button><figcaption class=\"wp-element-caption\"><a href=\"https:\/\/aufildubois-menuisier.fr\/index.php\/salle-de-bain\/\" data-type=\"page\" data-id=\"318\">Salle de bain<\/a><\/figcaption><\/figure>\n\n\n\n<figure data-wp-context=\"{&quot;imageId&quot;:&quot;69d4d05fe8516&quot;}\" data-wp-interactive=\"core\/image\" data-wp-key=\"69d4d05fe8516\" class=\"wp-block-image size-large wp-lightbox-container\"><img loading=\"lazy\" decoding=\"async\" width=\"1024\" height=\"768\" data-wp-class--hide=\"state.isContentHidden\" data-wp-class--show=\"state.isContentVisible\" data-wp-init=\"callbacks.setButtonStyles\" data-wp-on--click=\"actions.showLightbox\" data-wp-on--load=\"callbacks.setButtonStyles\" data-wp-on-window--resize=\"callbacks.setButtonStyles\" data-id=\"311\" src=\"https:\/\/aufildubois-menuisier.fr\/wp-content\/uploads\/2026\/01\/WC-lave-mains-24-06-12-184744-1024x768.jpg\" alt=\"\" class=\"wp-image-311\" srcset=\"https:\/\/aufildubois-menuisier.fr\/wp-content\/uploads\/2026\/01\/WC-lave-mains-24-06-12-184744-1024x768.jpg 1024w, https:\/\/aufildubois-menuisier.fr\/wp-content\/uploads\/2026\/01\/WC-lave-mains-24-06-12-184744-300x225.jpg 300w, https:\/\/aufildubois-menuisier.fr\/wp-content\/uploads\/2026\/01\/WC-lave-mains-24-06-12-184744-768x576.jpg 768w, https:\/\/aufildubois-menuisier.fr\/wp-content\/uploads\/2026\/01\/WC-lave-mains-24-06-12-184744-1536x1152.jpg 1536w, https:\/\/aufildubois-menuisier.fr\/wp-content\/uploads\/2026\/01\/WC-lave-mains-24-06-12-184744-2048x1536.jpg 2048w\" sizes=\"auto, (max-width: 1024px) 100vw, 1024px\" \/><button\n\t\t\tclass=\"lightbox-trigger\"\n\t\t\ttype=\"button\"\n\t\t\taria-haspopup=\"dialog\"\n\t\t\taria-label=\"Agrandir\"\n\t\t\tdata-wp-init=\"callbacks.initTriggerButton\"\n\t\t\tdata-wp-on--click=\"actions.showLightbox\"\n\t\t\tdata-wp-style--right=\"state.imageButtonRight\"\n\t\t\tdata-wp-style--top=\"state.imageButtonTop\"\n\t\t>\n\t\t\t<svg xmlns=\"http:\/\/www.w3.org\/2000\/svg\" width=\"12\" height=\"12\" fill=\"none\" viewBox=\"0 0 12 12\">\n\t\t\t\t<path fill=\"#fff\" d=\"M2 0a2 2 0 0 0-2 2v2h1.5V2a.5.5 0 0 1 .5-.5h2V0H2Zm2 10.5H2a.5.5 0 0 1-.5-.5V8H0v2a2 2 0 0 0 2 2h2v-1.5ZM8 12v-1.5h2a.5.5 0 0 0 .5-.5V8H12v2a2 2 0 0 1-2 2H8Zm2-12a2 2 0 0 1 2 2v2h-1.5V2a.5.5 0 0 0-.5-.5H8V0h2Z\" \/>\n\t\t\t<\/svg>\n\t\t<\/button><figcaption class=\"wp-element-caption\"><a href=\"https:\/\/aufildubois-menuisier.fr\/index.php\/agencement-wc-2\/\" data-type=\"page\" data-id=\"352\">Agencement WC<\/a><\/figcaption><\/figure>\n\n\n\n<figure data-wp-context=\"{&quot;imageId&quot;:&quot;69d4d05fe8890&quot;}\" data-wp-interactive=\"core\/image\" data-wp-key=\"69d4d05fe8890\" class=\"wp-block-image size-large wp-lightbox-container\"><img loading=\"lazy\" decoding=\"async\" width=\"1024\" height=\"768\" data-wp-class--hide=\"state.isContentHidden\" data-wp-class--show=\"state.isContentVisible\" data-wp-init=\"callbacks.setButtonStyles\" data-wp-on--click=\"actions.showLightbox\" data-wp-on--load=\"callbacks.setButtonStyles\" data-wp-on-window--resize=\"callbacks.setButtonStyles\" data-id=\"60\" src=\"https:\/\/aufildubois-menuisier.fr\/wp-content\/uploads\/2025\/11\/Sous-pente-25-10-24-160948-1024x768.jpg\" alt=\"\" class=\"wp-image-60\" srcset=\"https:\/\/aufildubois-menuisier.fr\/wp-content\/uploads\/2025\/11\/Sous-pente-25-10-24-160948-1024x768.jpg 1024w, https:\/\/aufildubois-menuisier.fr\/wp-content\/uploads\/2025\/11\/Sous-pente-25-10-24-160948-300x225.jpg 300w, https:\/\/aufildubois-menuisier.fr\/wp-content\/uploads\/2025\/11\/Sous-pente-25-10-24-160948-768x576.jpg 768w, https:\/\/aufildubois-menuisier.fr\/wp-content\/uploads\/2025\/11\/Sous-pente-25-10-24-160948-1536x1152.jpg 1536w, https:\/\/aufildubois-menuisier.fr\/wp-content\/uploads\/2025\/11\/Sous-pente-25-10-24-160948-2048x1536.jpg 2048w\" sizes=\"auto, (max-width: 1024px) 100vw, 1024px\" \/><button\n\t\t\tclass=\"lightbox-trigger\"\n\t\t\ttype=\"button\"\n\t\t\taria-haspopup=\"dialog\"\n\t\t\taria-label=\"Agrandir\"\n\t\t\tdata-wp-init=\"callbacks.initTriggerButton\"\n\t\t\tdata-wp-on--click=\"actions.showLightbox\"\n\t\t\tdata-wp-style--right=\"state.imageButtonRight\"\n\t\t\tdata-wp-style--top=\"state.imageButtonTop\"\n\t\t>\n\t\t\t<svg xmlns=\"http:\/\/www.w3.org\/2000\/svg\" width=\"12\" height=\"12\" fill=\"none\" viewBox=\"0 0 12 12\">\n\t\t\t\t<path fill=\"#fff\" d=\"M2 0a2 2 0 0 0-2 2v2h1.5V2a.5.5 0 0 1 .5-.5h2V0H2Zm2 10.5H2a.5.5 0 0 1-.5-.5V8H0v2a2 2 0 0 0 2 2h2v-1.5ZM8 12v-1.5h2a.5.5 0 0 0 .5-.5V8H12v2a2 2 0 0 1-2 2H8Zm2-12a2 2 0 0 1 2 2v2h-1.5V2a.5.5 0 0 0-.5-.5H8V0h2Z\" \/>\n\t\t\t<\/svg>\n\t\t<\/button><figcaption class=\"wp-element-caption\"><a href=\"https:\/\/aufildubois-menuisier.fr\/index.php\/amenagement-sous-pente\/\" data-type=\"page\" data-id=\"353\">Am\u00e9nagement sous pente<\/a><\/figcaption><\/figure>\n\n\n\n<figure data-wp-context=\"{&quot;imageId&quot;:&quot;69d4d05fe8c30&quot;}\" data-wp-interactive=\"core\/image\" data-wp-key=\"69d4d05fe8c30\" class=\"wp-block-image size-large wp-lightbox-container\"><img loading=\"lazy\" decoding=\"async\" width=\"768\" height=\"1024\" data-wp-class--hide=\"state.isContentHidden\" data-wp-class--show=\"state.isContentVisible\" data-wp-init=\"callbacks.setButtonStyles\" data-wp-on--click=\"actions.showLightbox\" data-wp-on--load=\"callbacks.setButtonStyles\" data-wp-on-window--resize=\"callbacks.setButtonStyles\" data-id=\"301\" src=\"http:\/\/aufildubois-menuisier.fr\/wp-content\/uploads\/2026\/01\/Porte-Manteaux-24-07-19-194807-1-768x1024.jpg\" alt=\"\" class=\"wp-image-301\" srcset=\"https:\/\/aufildubois-menuisier.fr\/wp-content\/uploads\/2026\/01\/Porte-Manteaux-24-07-19-194807-1-768x1024.jpg 768w, https:\/\/aufildubois-menuisier.fr\/wp-content\/uploads\/2026\/01\/Porte-Manteaux-24-07-19-194807-1-225x300.jpg 225w, https:\/\/aufildubois-menuisier.fr\/wp-content\/uploads\/2026\/01\/Porte-Manteaux-24-07-19-194807-1-1152x1536.jpg 1152w, https:\/\/aufildubois-menuisier.fr\/wp-content\/uploads\/2026\/01\/Porte-Manteaux-24-07-19-194807-1-1536x2048.jpg 1536w, https:\/\/aufildubois-menuisier.fr\/wp-content\/uploads\/2026\/01\/Porte-Manteaux-24-07-19-194807-1-scaled.jpg 1920w\" sizes=\"auto, (max-width: 768px) 100vw, 768px\" \/><button\n\t\t\tclass=\"lightbox-trigger\"\n\t\t\ttype=\"button\"\n\t\t\taria-haspopup=\"dialog\"\n\t\t\taria-label=\"Agrandir\"\n\t\t\tdata-wp-init=\"callbacks.initTriggerButton\"\n\t\t\tdata-wp-on--click=\"actions.showLightbox\"\n\t\t\tdata-wp-style--right=\"state.imageButtonRight\"\n\t\t\tdata-wp-style--top=\"state.imageButtonTop\"\n\t\t>\n\t\t\t<svg xmlns=\"http:\/\/www.w3.org\/2000\/svg\" width=\"12\" height=\"12\" fill=\"none\" viewBox=\"0 0 12 12\">\n\t\t\t\t<path fill=\"#fff\" d=\"M2 0a2 2 0 0 0-2 2v2h1.5V2a.5.5 0 0 1 .5-.5h2V0H2Zm2 10.5H2a.5.5 0 0 1-.5-.5V8H0v2a2 2 0 0 0 2 2h2v-1.5ZM8 12v-1.5h2a.5.5 0 0 0 .5-.5V8H12v2a2 2 0 0 1-2 2H8Zm2-12a2 2 0 0 1 2 2v2h-1.5V2a.5.5 0 0 0-.5-.5H8V0h2Z\" \/>\n\t\t\t<\/svg>\n\t\t<\/button><figcaption class=\"wp-element-caption\"><a href=\"https:\/\/aufildubois-menuisier.fr\/index.php\/agencement-wc\/\" data-type=\"page\" data-id=\"332\">Porte manteaux<\/a><\/figcaption><\/figure>\n\n\n\n<figure data-wp-context=\"{&quot;imageId&quot;:&quot;69d4d05fe8f78&quot;}\" data-wp-interactive=\"core\/image\" data-wp-key=\"69d4d05fe8f78\" class=\"wp-block-image size-large wp-lightbox-container\"><img loading=\"lazy\" decoding=\"async\" width=\"768\" height=\"1024\" data-wp-class--hide=\"state.isContentHidden\" data-wp-class--show=\"state.isContentVisible\" data-wp-init=\"callbacks.setButtonStyles\" data-wp-on--click=\"actions.showLightbox\" data-wp-on--load=\"callbacks.setButtonStyles\" data-wp-on-window--resize=\"callbacks.setButtonStyles\" data-id=\"54\" src=\"https:\/\/aufildubois-menuisier.fr\/wp-content\/uploads\/2025\/11\/Meuble-rampant-24-10-04-192717-768x1024.jpg\" alt=\"\" class=\"wp-image-54\" srcset=\"https:\/\/aufildubois-menuisier.fr\/wp-content\/uploads\/2025\/11\/Meuble-rampant-24-10-04-192717-768x1024.jpg 768w, https:\/\/aufildubois-menuisier.fr\/wp-content\/uploads\/2025\/11\/Meuble-rampant-24-10-04-192717-225x300.jpg 225w, https:\/\/aufildubois-menuisier.fr\/wp-content\/uploads\/2025\/11\/Meuble-rampant-24-10-04-192717-1152x1536.jpg 1152w, https:\/\/aufildubois-menuisier.fr\/wp-content\/uploads\/2025\/11\/Meuble-rampant-24-10-04-192717-1536x2048.jpg 1536w, https:\/\/aufildubois-menuisier.fr\/wp-content\/uploads\/2025\/11\/Meuble-rampant-24-10-04-192717-scaled.jpg 1920w\" sizes=\"auto, (max-width: 768px) 100vw, 768px\" \/><button\n\t\t\tclass=\"lightbox-trigger\"\n\t\t\ttype=\"button\"\n\t\t\taria-haspopup=\"dialog\"\n\t\t\taria-label=\"Agrandir\"\n\t\t\tdata-wp-init=\"callbacks.initTriggerButton\"\n\t\t\tdata-wp-on--click=\"actions.showLightbox\"\n\t\t\tdata-wp-style--right=\"state.imageButtonRight\"\n\t\t\tdata-wp-style--top=\"state.imageButtonTop\"\n\t\t>\n\t\t\t<svg xmlns=\"http:\/\/www.w3.org\/2000\/svg\" width=\"12\" height=\"12\" fill=\"none\" viewBox=\"0 0 12 12\">\n\t\t\t\t<path fill=\"#fff\" d=\"M2 0a2 2 0 0 0-2 2v2h1.5V2a.5.5 0 0 1 .5-.5h2V0H2Zm2 10.5H2a.5.5 0 0 1-.5-.5V8H0v2a2 2 0 0 0 2 2h2v-1.5ZM8 12v-1.5h2a.5.5 0 0 0 .5-.5V8H12v2a2 2 0 0 1-2 2H8Zm2-12a2 2 0 0 1 2 2v2h-1.5V2a.5.5 0 0 0-.5-.5H8V0h2Z\" \/>\n\t\t\t<\/svg>\n\t\t<\/button><figcaption class=\"wp-element-caption\"><a href=\"https:\/\/aufildubois-menuisier.fr\/index.php\/meuble-de-separation-sous-rampant\/\" data-type=\"page\" data-id=\"354\">Meuble de s\u00e9paration sous rampant<\/a><\/figcaption><\/figure>\n\n\n\n<figure data-wp-context=\"{&quot;imageId&quot;:&quot;69d4d05fe92e0&quot;}\" data-wp-interactive=\"core\/image\" data-wp-key=\"69d4d05fe92e0\" class=\"wp-block-image size-large wp-lightbox-container\"><img loading=\"lazy\" decoding=\"async\" width=\"819\" height=\"1024\" data-wp-class--hide=\"state.isContentHidden\" data-wp-class--show=\"state.isContentVisible\" data-wp-init=\"callbacks.setButtonStyles\" data-wp-on--click=\"actions.showLightbox\" data-wp-on--load=\"callbacks.setButtonStyles\" data-wp-on-window--resize=\"callbacks.setButtonStyles\" data-id=\"213\" src=\"http:\/\/aufildubois-menuisier.fr\/wp-content\/uploads\/2025\/11\/Sans-titre-Publication-Instagram-45-819x1024.png\" alt=\"Am\u00e9nagement, mobilier et agencement sur mesure r\u00e9alis\u00e9s par S\u00e9bastien Gladu, menuisier \u00e0 Pont-l\u2019Abb\u00e9 en Finist\u00e8re Sud, Bretagne\" class=\"wp-image-213\" srcset=\"https:\/\/aufildubois-menuisier.fr\/wp-content\/uploads\/2025\/11\/Sans-titre-Publication-Instagram-45-819x1024.png 819w, https:\/\/aufildubois-menuisier.fr\/wp-content\/uploads\/2025\/11\/Sans-titre-Publication-Instagram-45-240x300.png 240w, https:\/\/aufildubois-menuisier.fr\/wp-content\/uploads\/2025\/11\/Sans-titre-Publication-Instagram-45-768x960.png 768w, https:\/\/aufildubois-menuisier.fr\/wp-content\/uploads\/2025\/11\/Sans-titre-Publication-Instagram-45.png 1080w\" sizes=\"auto, (max-width: 819px) 100vw, 819px\" \/><button\n\t\t\tclass=\"lightbox-trigger\"\n\t\t\ttype=\"button\"\n\t\t\taria-haspopup=\"dialog\"\n\t\t\taria-label=\"Agrandir\"\n\t\t\tdata-wp-init=\"callbacks.initTriggerButton\"\n\t\t\tdata-wp-on--click=\"actions.showLightbox\"\n\t\t\tdata-wp-style--right=\"state.imageButtonRight\"\n\t\t\tdata-wp-style--top=\"state.imageButtonTop\"\n\t\t>\n\t\t\t<svg xmlns=\"http:\/\/www.w3.org\/2000\/svg\" width=\"12\" height=\"12\" fill=\"none\" viewBox=\"0 0 12 12\">\n\t\t\t\t<path fill=\"#fff\" d=\"M2 0a2 2 0 0 0-2 2v2h1.5V2a.5.5 0 0 1 .5-.5h2V0H2Zm2 10.5H2a.5.5 0 0 1-.5-.5V8H0v2a2 2 0 0 0 2 2h2v-1.5ZM8 12v-1.5h2a.5.5 0 0 0 .5-.5V8H12v2a2 2 0 0 1-2 2H8Zm2-12a2 2 0 0 1 2 2v2h-1.5V2a.5.5 0 0 0-.5-.5H8V0h2Z\" \/>\n\t\t\t<\/svg>\n\t\t<\/button><figcaption class=\"wp-element-caption\"><a href=\"https:\/\/aufildubois-menuisier.fr\/index.php\/dressing-sous-pente\/\" data-type=\"page\" data-id=\"355\">Dressing sous pente<\/a><\/figcaption><\/figure>\n\n\n\n<figure data-wp-context=\"{&quot;imageId&quot;:&quot;69d4d05fe9646&quot;}\" data-wp-interactive=\"core\/image\" data-wp-key=\"69d4d05fe9646\" class=\"wp-block-image size-large wp-lightbox-container\"><img decoding=\"async\" data-wp-class--hide=\"state.isContentHidden\" data-wp-class--show=\"state.isContentVisible\" data-wp-init=\"callbacks.setButtonStyles\" data-wp-on--click=\"actions.showLightbox\" data-wp-on--load=\"callbacks.setButtonStyles\" data-wp-on-window--resize=\"callbacks.setButtonStyles\" data-id=\"53\" src=\"http:\/\/aufildubois-menuisier.fr\/wp-content\/uploads\/2025\/11\/Fauteuil-ext-25-05-16-154944.jpg\" alt=\"Am\u00e9nagement, mobilier et agencement sur mesure r\u00e9alis\u00e9s par S\u00e9bastien Gladu, menuisier \u00e0 Pont-l\u2019Abb\u00e9 en Finist\u00e8re Sud, Bretagne\" class=\"wp-image-53\"\/><button\n\t\t\tclass=\"lightbox-trigger\"\n\t\t\ttype=\"button\"\n\t\t\taria-haspopup=\"dialog\"\n\t\t\taria-label=\"Agrandir\"\n\t\t\tdata-wp-init=\"callbacks.initTriggerButton\"\n\t\t\tdata-wp-on--click=\"actions.showLightbox\"\n\t\t\tdata-wp-style--right=\"state.imageButtonRight\"\n\t\t\tdata-wp-style--top=\"state.imageButtonTop\"\n\t\t>\n\t\t\t<svg xmlns=\"http:\/\/www.w3.org\/2000\/svg\" width=\"12\" height=\"12\" fill=\"none\" viewBox=\"0 0 12 12\">\n\t\t\t\t<path fill=\"#fff\" d=\"M2 0a2 2 0 0 0-2 2v2h1.5V2a.5.5 0 0 1 .5-.5h2V0H2Zm2 10.5H2a.5.5 0 0 1-.5-.5V8H0v2a2 2 0 0 0 2 2h2v-1.5ZM8 12v-1.5h2a.5.5 0 0 0 .5-.5V8H12v2a2 2 0 0 1-2 2H8Zm2-12a2 2 0 0 1 2 2v2h-1.5V2a.5.5 0 0 0-.5-.5H8V0h2Z\" \/>\n\t\t\t<\/svg>\n\t\t<\/button><figcaption class=\"wp-element-caption\">Fabrication de fauteuils ext\u00e9rieurs<\/figcaption><\/figure>\n<\/figure>\n\n\n\n<div class=\"wp-block-cover\" style=\"min-height:430px;aspect-ratio:unset;\"><img loading=\"lazy\" decoding=\"async\" width=\"2560\" height=\"1280\" class=\"wp-block-cover__image-background wp-image-293 size-full\" alt=\"Am\u00e9nagement, mobilier et agencement sur mesure r\u00e9alis\u00e9s par S\u00e9bastien Gladu, menuisier \u00e0 Pont-l\u2019Abb\u00e9 en Finist\u00e8re Sud, Bretagne\" src=\"http:\/\/aufildubois-menuisier.fr\/wp-content\/uploads\/2026\/01\/Design-sans-titre-scaled.png\" data-object-fit=\"cover\" srcset=\"https:\/\/aufildubois-menuisier.fr\/wp-content\/uploads\/2026\/01\/Design-sans-titre-scaled.png 2560w, https:\/\/aufildubois-menuisier.fr\/wp-content\/uploads\/2026\/01\/Design-sans-titre-300x150.png 300w, https:\/\/aufildubois-menuisier.fr\/wp-content\/uploads\/2026\/01\/Design-sans-titre-1024x512.png 1024w, https:\/\/aufildubois-menuisier.fr\/wp-content\/uploads\/2026\/01\/Design-sans-titre-768x384.png 768w, https:\/\/aufildubois-menuisier.fr\/wp-content\/uploads\/2026\/01\/Design-sans-titre-1536x768.png 1536w, https:\/\/aufildubois-menuisier.fr\/wp-content\/uploads\/2026\/01\/Design-sans-titre-2048x1024.png 2048w\" sizes=\"auto, (max-width: 2560px) 100vw, 2560px\" \/><span aria-hidden=\"true\" class=\"wp-block-cover__background has-background-dim\" style=\"background-color:#385670\"><\/span><div class=\"wp-block-cover__inner-container has-global-padding is-layout-constrained wp-block-cover-is-layout-constrained\">\n<p class=\"has-text-align-center has-large-font-size\">Vous avez une id\u00e9e \u00e0 concr\u00e9tiser ? <\/p>\n\n\n\n<p class=\"has-text-align-center has-large-font-size\"><mark style=\"background-color:rgba(0, 0, 0, 0)\" class=\"has-inline-color has-contrast-light-color\">Au fil du bois vous accompagne \u00e0 chaque \u00e9tape.<\/mark><\/p>\n\n\n\n<div class=\"wp-block-buttons is-content-justification-center is-layout-flex wp-container-core-buttons-is-layout-a89b3969 wp-block-buttons-is-layout-flex\">\n<div class=\"wp-block-button is-style-fill\"><a class=\"wp-block-button__link wp-element-button\" href=\"mailto:sebastien@aufildubois.fr?subject=Au%20fil%20du%20bois%20:%20demande%20d'informations\">Parlons-en !<\/a><\/div>\n<\/div>\n<\/div><\/div>\n\n\n\n<p><\/p>\n","protected":false},"excerpt":{"rendered":"<p>Chaque r\u00e9alisation est le r\u00e9sultat d\u2019un travail artisanal associant conception, fabrication et installation sur mesure, avec une attention particuli\u00e8re port\u00e9e aux mat\u00e9riaux, aux finitions et aux besoins du client.<\/p>\n","protected":false},"author":1,"featured_media":0,"parent":0,"menu_order":0,"comment_status":"closed","ping_status":"open","template":"","meta":{"footnotes":""},"class_list":["post-2","page","type-page","status-publish","hentry"],"_links":{"self":[{"href":"https:\/\/aufildubois-menuisier.fr\/index.php\/wp-json\/wp\/v2\/pages\/2","targetHints":{"allow":["GET"]}}],"collection":[{"href":"https:\/\/aufildubois-menuisier.fr\/index.php\/wp-json\/wp\/v2\/pages"}],"about":[{"href":"https:\/\/aufildubois-menuisier.fr\/index.php\/wp-json\/wp\/v2\/types\/page"}],"author":[{"embeddable":true,"href":"https:\/\/aufildubois-menuisier.fr\/index.php\/wp-json\/wp\/v2\/users\/1"}],"replies":[{"embeddable":true,"href":"https:\/\/aufildubois-menuisier.fr\/index.php\/wp-json\/wp\/v2\/comments?post=2"}],"version-history":[{"count":31,"href":"https:\/\/aufildubois-menuisier.fr\/index.php\/wp-json\/wp\/v2\/pages\/2\/revisions"}],"predecessor-version":[{"id":426,"href":"https:\/\/aufildubois-menuisier.fr\/index.php\/wp-json\/wp\/v2\/pages\/2\/revisions\/426"}],"wp:attachment":[{"href":"https:\/\/aufildubois-menuisier.fr\/index.php\/wp-json\/wp\/v2\/media?parent=2"}],"curies":[{"name":"wp","href":"https:\/\/api.w.org\/{rel}","templated":true}]}}